?
40
Let s be 9 - 1*(-7 - -8). Let p be (1288/21 - s)*6. Calculate the highest common divisor of p and 20.
20
Let l = 9 - 5. Let n(v) be the first derivative of v**4 - v**3 + v**2 - 7*v - 1715. Let b be n(l). What is the greatest common factor of 19 and b?
19
Suppose -53176 = -3*i + 2*w, i - 17718 = -0*w - 3*w. What is the highest common factor of 24 and i?
12
Suppose 5*m = 4*q + 521 + 815, -2*m - 5*q = -574. What is the highest common factor of m and 476?
68
Let l be ((-7)/4)/((-1)/8). Let f = 8857 - 8843. Calculate the highest common divisor of f and l.
14
Let j be (-4888)/470*10/(-4). Calculate the highest common factor of j and 299.
13
Suppose 4*d = -n + 6 - 30, 0 = -d - 2. Let w be n/(-6)*(-27)/(-2). Calculate the greatest common divisor of 684 and w.
36
Let u be -3480*(296/(-30) + 204/306). What is the highest common factor of u and 232?
232
Let m(y) = -y**3 + 4*y**2 + 102*y - 63. Let j be m(-9). What is the highest common factor of j and 11736?
72
Let u be (-1)/2*(-12)/2. Suppose -196 = -2*d - u*f + 6*f, 0 = 4*f. Suppose -5*x = -17 - 53. What is the highest common divisor of x and d?
14
Let i be -12*(7830/(-756) - 2/14). Calculate the greatest common divisor of i and 342.
18
Suppose 26*u = 23*u + 84. Suppose -3*t - 105 = -6*t. Let b = t - u. What is the greatest common divisor of b and 7?
7
Let g = 5887 - 5344. What is the greatest common divisor of g and 3620?
181
Let t = -560 + 575. Suppose -t*c + 27*c = 192. What is the greatest common factor of 944 and c?
16
Let h(z) = -29*z + 2. Let q be h(-2). Suppose -31*p + 136*p + 119*p - 27384 = 61*p. Calculate the highest common divisor of q and p.
12
Let n = 2662 + -2610. What is the highest common factor of n and 23504?
52
Suppose 2*d = 4*x + 20, -5*x - 1 = 2*d + 6. Suppose 124*j - 62*j = 86*j + 48. Let n be 14795/440 + j/16*x. Calculate the highest common factor of n and 153.
17
Let s = -91 - -93. Suppose -s*p + 8*p = 12. Suppose 3*a - 46 = 4*h - 2*h, -3*a + 26 = p*h. Calculate the greatest common divisor of a and 12.
12
Let l be 55 + 5/((-5)/3). Let y(o) = -9*o**3 - 2*o**2 - 2*o - 1. Let t be y(-1). Suppose 0 = t*r - 0*r - 1040. Calculate the greatest common divisor of r and l.
26
Let n be (190 - 35)*((-177)/(-15) - 1). Let z = n + -1653. Let d(f) = 3*f - 6. Let j be d(5). What is the greatest common factor of z and j?
3
Let l(m) = 36*m - 182. Let r be l(7). Suppose 9*i - 995 = 139. Calculate the greatest common factor of r and i.
14
Let l(c) = 14*c + 915. Let w be l(15). Calculate the greatest common divisor of w and 315.
45
Let q be (170/75 - 360/(-270))*25. Let h(o) = -o**3 + 240. Let t be h(0). Calculate the highest common factor of q and t.
30
Let x = -9544 + 9577. Suppose 0 = -0*y + 2*y - 594. What is the highest common divisor of x and y?
33
Suppose -13*b + 825 = 2*b. Suppose -41 - b = -6*f. Calculate the greatest common factor of f and 64.
16
Suppose 0 = 221*k + 122*k - 1502 - 38286. Let o be -3 - 0 - 641*-1. What is the highest common divisor of o and k?
58
Suppose -d + 16 = 116*z - 111*z, -5*d + 176 = z. What is the highest common divisor of d and 5706?
18
Let p(o) = o**3 + 24*o**2 + 13*o + 350. Let g be p(-24). Calculate the highest common divisor of 2261 and g.
19
Let f(l) = 12*l**2 + 10*l + 17. Suppose 4*w + 23 = 5*o, 2*o - 14 = 4*w - 0*o. Let y be f(w). Calculate the highest common divisor of 30 and y.
15
Suppose 0 = k + 2*k - 18. Suppose 8*g - k*g - 30 = 0. Let f be 2/(-5) - (-16992)/480. Calculate the highest common factor of f and g.
5
Let l be -12*((-2145)/52)/5. What is the greatest common factor of l and 207?
9
Suppose 2*l - 99 = 3*r, -3*l + r + 87 = -51. Suppose 15*v - 3*v = 540. Calculate the highest common divisor of v and l.
45
Let j be (1 - 5) + 2*2 + 3. Suppose -j*q - 5*o = -450, -6*o - 450 = -3*q - 10*o. Let h = q + -35. What is the greatest common divisor of h and 23?
23
Suppose 10074*s - 10086*s = -10668. What is the greatest common factor of 14 and s?
7
Let b be (-4 - -6 - -112)/((-15)/(-35)). Calculate the highest common divisor of b and 91.
7
Let z be 2 - (6/3 + -4) - 2. Let w(o) = 11*o**3 + 4*o**2 - 13*o + 17. Let f be w(z). Calculate the highest common factor of f and 5.
5
Suppose 3*v = -2*x - 86, -3*v + 5*x = 3*x + 94. Let g = v + 33. Suppose -2*k + 3*u = -108, 0 = k + k + g*u - 84. What is the greatest common factor of k and 64?
16
Suppose 47 = -18*h + 137. Let d(g) = g**3 + 5*g**2 - 16*g + 5. Let t be d(h). What is the highest common divisor of t and 21?
7
Let i be (-21)/42*(-500 + 0). What is the highest common divisor of 650 and i?
50
Let z = 534 - 530. Suppose -u + 3*j - 9 = 0, 5*u - 3*j - 19 = -z. Calculate the greatest common factor of u and 618.
6
Let t = 438 - 134. Let h = 456 - t. Calculate the greatest common divisor of 8 and h.
8
Let n = -616 - -624. Suppose 0 = 3*c - 2*c - 7. Let i be (-64)/(-3)*(c - 4). Calculate the highest common divisor of i and n.
8
Suppose -9*a + 338 + 157 = 0. Let m = a - -251. Suppose 142 + m = 8*y. Calculate the greatest common divisor of y and 8.
8
Let r = 266 - 175. Suppose -300 = -5*w - 235. What is the highest common divisor of w and r?
13
Let y be 1/3 + (-14)/(-3). Let p(u) = u**3 - 18*u**2 + 29*u + 4. Let r be p(15). Let x = 256 + r. What is the highest common divisor of y and x?
5
Suppose -11*j - 1136 = -3862 - 2323. What is the greatest common divisor of j and 4743?
153
Let m = -54 - -48. Let n be (171/m)/(18/(-204)). Suppose 5*o - 447 - n = 0. Calculate the highest common factor of 22 and o.
22
Let c(p) be the third derivative of p**4/4 - 35*p**3/6 + 47*p**2. Let y be c(8). Calculate the greatest common factor of y and 143.
13
Let d(s) = 2*s**2 - 25*s + 179. Let n be d(16). Calculate the highest common factor of n and 2619.
291
Suppose -4*g = 32, 36 = w - g + 4. Calculate the greatest common factor of 29976 and w.
24
Let a(y) = 315*y**2 + 21*y - 91. Let q be a(5). Calculate the highest common factor of q and 98.
49
Suppose -2*w + p = -56, 5*p + 98 = 3*w - 0*w. Let f be (-112)/(4 + -11)*(-39)/(-6). What is the highest common factor of f and w?
26
Let r = -15 - -17. Suppose -5*z = -2*z - r*c - 134, c + 139 = 3*z. What is the highest common factor of 48 and z?
48
Let c be (-1)/7 - (-3682)/49. Let b be 3/(-9) - (-2 + c/(-9)). What is the greatest common divisor of b and 35?
5
Suppose 31000 = -3*i + 16*i + 1698. Calculate the greatest common factor of i and 42.
14
Let u be (6/6)/((-2)/322). Let k be 150*(u/(-21) - 7). Calculate the highest common divisor of k and 160.
20
Suppose 34*p + 324 = 970. Let g(d) = -d**3 + d**2 - d - 3. Let s be g(3). Let x = s + 43. What is the greatest common factor of x and p?
19
Suppose -i - 81 = -2*i. Let v be 108/168*12*7. What is the greatest common divisor of v and i?
27
Let d be ((360/50)/6)/((-1)/(-300)). Calculate the highest common factor of 500 and d.
20
Suppose 5*g = -5*x + 25865, -56*x = -5*g - 58*x + 25850. Calculate the greatest common divisor of 340 and g.
68
Let t be 1 - -16 - (-21248)/8. Calculate the highest common divisor of 231 and t.
33
Suppose -6*d - 86 + 20 = 0. Let t(a) = a**2 + 12*a + 17. Let h be t(d). Calculate the highest common divisor of h and 28.
2
Suppose -46*u + 47*u - 3 = 0. Suppose u*q - 3*t + 5*t = 159, 0 = -q + 2*t + 61. What is the highest common factor of q and 121?
11
Let p be (41/3)/((-10)/(-90)). Let m = p + -12. What is the highest common factor of m and 74?
37
Suppose 30*p - 175259 = -16859. Calculate the greatest common divisor of p and 165.
165
Suppose 10*g - 1771 = -13*g. Let p be (-300)/(11/(g/(-14))). What is the highest common divisor of p and 12?
6
Let m be 1 + ((-2)/4 - 0)*524. Let v = -252 - m. Calculate the greatest common factor of 765 and v.
9
Let n be 208/3*45/12. Suppose p = -0*p + 104. Calculate the greatest common factor of p and n.
52
Suppose 11*y + 1644 = -21*y + 6252. Calculate the greatest common divisor of 306 and y.
18
Let u(x) be the second derivative of x**5/20 + x**4/2 - 5*x**3/3 + 3*x**2 - 25*x. Let m be u(-7). What is the greatest common factor of m and 3?
3
Let r be ((-660)/(-176))/(30/4120). What is the greatest common divisor of r and 4841?
103
Let g = -367 - -372. Let b(k) = 6 - 9 + 9*k - 20. Let d be b(g). What is the highest common divisor of 11 and d?
11
Let s be 89 - -28 - (-10 - -16 - 6). Let y(p) = 